+ 10*w + 17. Calculate q(x).
17
Let u be (-1)/((-4)/24*(-9)/12). Let y(w) = -15 + 4*w - 3*w - 5*w + 3*w. Calculate y(u).
-7
Let y(c) = -16 - 15*c + 39*c - 14*c + 1. What is y(3)?
15
Let b(o) = -2 - 6*o + 13*o - 9*o**2 + o**2 + o**3. Let k(l) = -17136*l - 17130. Let j be k(-1). Determine b(j).
-32
Let q(j) = -19*j + 111. Let g(c) = -21*c - 2346. Let u be g(-112). Give q(u).
-3
Let y(w) = 9*w - 10. Let f(p) = -22*p + 24. Let k(l) = -5*f(l) - 12*y(l). Give k(-2).
-4
Let s(f) = -f**3 - 9*f**2 + 28*f**2 + 44*f + 10*f**2 + 20*f - 62. Let q be s(31). Let t(c) be the third derivative of c**4/24 - c**3/6 + c**2. What is t(q)?
-1
Let z = 119 + -120. Let u(p) = 7*p**2 - 3. Let m(t) = -t**2 + t + 1. Let h(l) = z*u(l) - 6*m(l). Let n(f) = f**2 - 6*f - 1. Let k be n(5). Calculate h(k).
-3
Let n be -15 + 21 - (2 + 1) - -6. Let v(b) = 8*b - 45. What is v(n)?
27
Suppose -16*g - 146 = -23 + 69. Let d(r) = 4*r - 11. Determine d(g).
-59
Suppose 3*n = -120 + 198. Let f(d) = -4 + 25*d**2 + n*d**2 - 52*d**2. Give f(3).
-13
Let f(q) = -q + 11. Let j = 1 - -2. Let l be f(j). Let g(z) = -38*z - 2*z**2 - l + 28*z + z**2. Calculate g(-7).
13
Let l(b) = 6152*b - 3083*b + 93 - 3074*b. Give l(15).
18
Let k(p) = 7*p + 402. Let s(c) = c + 82. Let m(l) = k(l) - 6*s(l). What is m(36)?
-54
Let p(o) = 5*o + 11*o + 27*o - 63*o + 10*o + 11. Determine p(8).
-69
Let q(m) = 2*m - 14. Let y be 12/(-27*(-6)/60 + -3). Let c be (8/10)/(y/(-300)). Give q(c).
-2
Let r(q) = 2*q + 1. Let i(j) = 86*j - 177. Let f be i(2). Give r(f).
-9
Let h(p) be the first derivative of 2*p**2 - 4*p + 1. Suppose 595*g - 586*g = -54. Calculate h(g).
-28
Let k(h) = h + 11. Suppose 15*b - 27 - 33 = 0. Suppose b*r - 25 = 3*s, -2*s - r + 6*r - 12 = 0. What is k(s)?
0
Let h be -3 + 0 - (9 + (-2 - 0)). Let z = h - -17. Let d(g) = -z + 122*g - 60*g - g**2 - 67*g. Determine d(-5).
-7
Suppose -1 - 23 = 4*j. Suppose -317 = -5*h - 0*i + 2*i, 2*h + 4*i - 146 = 0. Let k(x) = -6*x + 73 + h - 213 - x**2 + 71. Determine k(j).
-4
Let x(t) be the first derivative of -t**6/120 + t**5/30 + t**4/12 - t**3/6 - 19*t**2/2 + t - 27. Let h(n) be the second derivative of x(n). Give h(2).
3
Let b(h) = 3*h**3 - 9*h**2 + 0 + 0*h**3 - 3 - 2*h**3. Let r be (-10)/(-35) + 1 + (-82)/(-7). Let l(g) = 2*g - 17. Let p be l(r). Determine b(p).
-3
Let r be (-208)/(-14) + 77/539. Let a(u) = -12 + u**2 + r + u - 2 - 3*u. What is a(2)?
1
Let t(x) = 2*x - 7. Let k be t(6). Let c(d) = -2 + k*d - 3 + 7 + 4*d**2. Suppose -16*w - 41 = 7. Give c(w).
23
Let t(v) = -2*v**2 - 7*v + 8. Let n = 13469 - 13468. Give t(n).
-1
Let w(b) = -3*b - 8. Let q(s) = -s - 1. Suppose -13*l + 47 = 21. Suppose n + 13 = 2*u + 2*u, 5*n = -u - 2. Let t(g) = l*q(g) + n*w(g). Determine t(-6).
0
Let v(p) = p - 1. Suppose -3 - 9 = -4*r. Suppose 5*a = 6*a - r. What is v(a)?
2
Let q(t) be the first derivative of 3*t**2/2 - 37*t - 1384. Determine q(5).
-22
Let r(c) = -5 - 1 - 3094*c**2 - 3089*c**2 + 9278*c**2 - 8*c - 3096*c**2. Suppose 0*d + 3*d = -5*g, -d + 7 = 4*g. Give r(d).
9
Suppose 11*z - 7*z = 120. Let s = -23 + z. Let o(n) = -3*n - s*n + 9*n. Give o(6).
-6
Suppose 42*w - 84 = -0. Suppose -5*b - 25 = 0, -4*x - 4*b - 12 + 0 = 0. Let a(i) = 3 + i + 7*i**x - 19*i**w + 15*i**2. Determine a(-3).
27
Let x(c) = -52*c - 1213. Let p be x(-23). Let u(l) = -2*l**2 - 32*l + 30. Determine u(p).
-4
Let p(t) = -8*t + 4 - 1 + 4*t**2 - 3*t**2. Let y be 1/((38/(-160))/(-19)). Suppose 0 = 31*k - 21*k - y. Give p(k).
3
Let v(m) = m + 18. Let l be 1488/620*10/(-4). Give v(l).
12
Let i(k) be the first derivative of 5*k**2/2 + 218*k + 16000. Give i(-40).
18
Suppose 4*y - 41 + 13 = 0. Let j(w) = 7*w + 11. Let f(n) = 4*n + 6. Let p(b) = 5*f(b) - 3*j(b). Calculate p(y).
-10
Let o(g) = 2*g + 1. Suppose -30 = 5*w, 4*r = -2*w + 17 + 27. Let l be 360/14 - (-4)/14. Let s be (r - 2)*(-13)/l. Determine o(s).
-11
Let w(f) = -12 + 161*f - 8 - 85*f - f**2 - 86*f. What is w(-8)?
-4
Suppose m + 25 = 2*d + 11, -5*d + 14 = m. Let s(j) = j**3 - 4*j**2 - 4*j + 35. Determine s(d).
19
Let f = 1616 - 1627. Let d(y) = 5*y**3 + 57*y**2 + 24*y + 27. Calculate d(f).
5
Let s be 14/(-8) - 2784/(-128). Let g(l) = l**2 - 8*l - 245. Calculate g(s).
-5
Let v(a) = 0*a + 10 - 19 + 10 + a. Let t(d) = -2*d**2 - 15*d + 131. Let l be t(5). Calculate v(l).
7
Suppose -k - r = -8, k + 19 = 4*k + 2*r. Let q(g) = -8 - 8 + 4*g + 18 - k*g. What is q(6)?
8
Let w(f) = 7*f**2 + 15*f + 4. Let x(d) = -d**2 - 2*d + 1. Let t(y) = -6*y + 72. Let j be t(11). Let q(l) = j*x(l) + w(l). Give q(-7).
38
Suppose 236*a - 3702 = -3230. Let p(w) = -2*w + 0 - 2 + 0*w. Calculate p(a).
-6
Suppose -2*v + 18*d = 23*d + 3, -5*v + 4*d + 42 = 0. Let f(c) = -c**3 + 7*c**2 - 6. Calculate f(v).
30
Let m(z) = 1 + 0 - 22*z**2 + 35*z - 38*z - 8*z**2 + z**3 + 30*z**2. Let k be ((-2)/3)/(1/(-3)). Give m(k).
3
Suppose -4*j = -4*c + 80, -2*j = -19*c + 18*c + 39. Let l(g) = g**3 + 19*g**2 + g + 25. What is l(j)?
6
Let i(f) = -6 + f + 2 + 3 - 12*f**3. Suppose 0 = 21*z - 20*z + d, -2*z = d - 1. Give i(z).
-12
Let o(g) = g**3 + 18*g**2 + 18*g + 23. Let k be o(-17). Let b be (k/(-24))/1 + (-27)/4. Let y(q) = -q**2 - 9*q + 5. Determine y(b).
19
Suppose -40*g + 46*g = 186. Suppose 68 = -11*s - g. Let x be (s - -9) + -3 + 6/2. Let u(i) = i + 11. Calculate u(x).
11
Let v(j) be the second derivative of j**6/15 - j**5/30 - j**4/12 - j**3/6 + 36*j**2 - 22*j - 1. Let d(p) be the first derivative of v(p). Give d(-1).
-9
Let z = -252 - -177. Let b be 2/7 - z/7. Suppose 4*t - 9 = b. Let m(g) = -g + 5. Determine m(t).
0
Let n(w) = 4*w - 156. Let i(t) = t - 38. Let x(m) = -9*i(m) + 2*n(m). What is x(9)?
21
Suppose 96*s = 91*s - 300. Let y be ((-48)/s)/((-1)/(-5)). Let b(w) = -w**3 + 5*w**2 + 2. Give b(y).
18
Let r(y) be the first derivative of -y**2/2 - 632. Let l(z) = -z + 6. Let f = -7 + 17. Let g be l(f). Determine r(g).
4
Suppose 20*t - 22*t + 13 = f, -5*t = -3*f - 16. Suppose -5*y + 33 = -f*x, -5*x + 3*y - 39 = -0*x. Let s(r) = -2*r + 3. Give s(x).
15
Suppose 260 = -19*o - o + 60. Let x(g) = g**2 + 8*g - 14. Calculate x(o).
6
Suppose 4*o - 4*m = -8*m + 52, -2*o - m = -27. Suppose 20 = 17*i - o. Let y(r) = 3*r**3 - 2*r**2. What is y(i)?
16
Suppose -2*j + c + 5 - 1 = 0, -3*j + 5*c = 8. Let s be 6/(-3) + j + 3. Let l be -5 - (9 - s - 14). Let z(n) = -n + 2. Give z(l).
-3
Let c(f) be the first derivative of -25/4*f**4 + 7 + 0*f**2 + f - 2/3*f**3. Calculate c(1).
-26
Let y = -2300 + 2295. Let b(g) = -10*g - 10. Calculate b(y).
40
Suppose 3312 = -3*a + 3*k, -a - 1104 = -20*k + 16*k. Let d be (-3)/4 - a/192. Let y(m) = 4*m - 17. Let l(g) = -2*g + 8. Let x(n) = -5*l(n) - 2*y(n). Give x(d).
4
Suppose 2*g - 338 = -5*i + 36, -2*i = -g - 155. Let x(o) = 1 - i*o + 79*o + 4*o**2 - o**2. Suppose 6 = l + 5*c + 23, -2*l + 5*c = -11. Determine x(l).
7
Let f(x) be the first derivative of x**5/20 - x**3/3 - x**2/2 - 192*x + 68. Let v(w) be the first derivative of f(w). What is v(-1)?
0
Suppose -4 + 0 = 2*c. Let n(z) be the second derivative of -z**5/10 - z**4/12 + z**3/3 + 2*z - 166. What is n(c)?
8
Let l(x) = x**3 - 6*x**2 + 6*x - 3. Let f be l(5). Suppose -f = s - 5. Let d(q) = -51*q**2 + 12 - 30 + 17 + 50*q**2. Calculate d(s).
-10
Let k(y) = 0*y - 2*y + 4*y**2 + 13 - 11 - 8. Let h be k(-2). Suppose -h + 4 = 10*s. Let o(f) = -2*f. What is o(s)?
2
Suppose 28 = 6*p + p. Suppose -4 = -p*j + 32. Suppose 2*m = 3*m - j. Let z(a) = a**2 - 8*a. Give z(m).
9
Suppose 16294*s + 16 = 16310*s. Let a(k) = 80*k**3 - k**2 + 12*k - 11. What is a(s)?
80
Let q(d) = -168*d**2 - 304*d - 704. Let k(b) = -19*b**2 - 34*b - 78. Let o(a) = 53*k(a) - 6*q(a). Calculate o(-8).
-22
Let y = -82 + 98. Suppose -y = -5*j - 5*a - 6, -5*a = 0. Let d(i) = -7*i**j - 3*i - i**2 + 0*i + 12*i - 10 + i**3. Determine d(7).
4
Let y(k) = 5 - 120*k - 15 - 282*k**2 + 298*k**2 + 119*k. What is y(-3)?
137
Suppose 0 = -4*o - 8 - 12, 5*o = -5*w - 55. Let z(f) = f**2 + f - 19. Let p(b) = -2*b**2 - b + 36. Let m(j) = w*p(j) - 11*z(j). Calculate m(6).
-1
Suppose 2*o + 13 = 5*i, i + 0*i = -o + 4. Let j(a) = a + 2. Let f be j(6). Let u(v) = o + 5*v**2 + v**2 + v - f*v**2. Determine u(2).
-5
Let j(k) = -k - 3. Let d = 207 + -143. Let z = d + -60. Suppose -z*a - 23 = 1. What is j(a)?
3
Let q(m) be the second derivative of -m**6/120 - m**5/15 - m**4/6 - 10*m**2 - 81*